 - (109 + -36))
-31
What is (8 - 19) + 8 + -28 + 22?
-9
-5 - ((-20 - -12) + 23 + -45)
25
What is the value of (-1188 - -1139) + (-1 + 3 - (-1 - -1))?
-47
120 - 125 - (1 + -1 - (13 - 19)) - -11
0
Evaluate -67 - (91 + -31 + -88).
-39
What is the value of 57 - (46 + -76 + 68)?
19
Calculate 217 - 199 - (1 - (2 + -4 + -79)).
-64
Evaluate 160 + -18 + -27 + -88.
27
-23 + 23 + -8 + 2 + -37 + 14
-29
(-12 - -3 - (0 - -1)) + (-1722 - -1710)
-22
Calculate -54 - (21 + 4 + (-20 - -5)).
-64
0 - -54 - (-3 + 7) - (13 + 1 - 8)
44
Evaluate -85 - (118 + -99) - -77.
-27
Evaluate (-9 + 68 + -18 - -17) + (6 - -1) - 8.
57
Calculate (4 + (-16 - -11) - 6) + 33.
26
Calculate -60 + (23 + 39 - 4).
-2
What is -53 - (-27 - (26 - 12))?
-12
Evaluate 21 + (4 - 9) + 18 + -12.
22
-17 - (0 + -3 + -1 - (358 + -334))
11
What is -1 + (-16 - -10) - -5 - -10 - 61?
-53
What is the value of -3 + -3 + -36 + 38 + -86?
-90
62 - (-93 + 333 + -85)
-93
Calculate (14 + -28 - -11) + (6 - 16) + -5.
-18
What is 0 + 8 - (-26 - (-24 + 30 + -34))?
6
Calculate 58 + -17 + 22 - 161.
-98
Evaluate -69 + -2 + (-1101 - -1242).
70
What is 22 + -24 - ((2 - -5) + (25 - 27) - 21)?
14
Evaluate -628 + 575 + (-17 - 0).
-70
What is 89 + -12 + -98 - -6?
-15
(138 + -23 - 85) + -72
-42
What is the value of (0 + -2 + 2 - -2) + 150 + -42 + -102?
8
What is the value of 7 + (-3 - -2) + 25 + 6 + -93?
-56
Calculate 90 + 153 + -124 + -71.
48
Calculate 23 - (-6 + 3 + 19) - (1 - 2) - -69.
77
What is the value of -10 - (2 + 6 + 1 + -18) - -17?
16
What is -5 + -1 + (-5 - (11 + -5)) + 7?
-10
Evaluate 22 + (97 - 122) - (0 + 23 - 2).
-24
What is the value of -25 - (-2 - 4 - (-20 + 1))?
-38
What is the value of (61 + 255 - 278) + (-1 - 9)?
28
Calculate (3 + (16 + -8 - 25) - -22) + 2.
10
Calculate 6 - (0 - -4 - 2 - -3) - (-3 + -35).
39
What is 42 - (77 + 20 - 178)?
123
Evaluate 7 + 3 - (-1 + 4) - (7758 - 7863).
112
What is the value of (0 - (7 - (-17 + 33) - -7)) + 39 + 0?
41
What is (0 - (10 + 2)) + (-40 - (24 + -24))?
-52
0 + -70 + 1 - (2 - (10 - -12 - 24))
-73
What is (36 - (1 + 7 + -5 + -7)) + (2 - -1)?
43
What is 85 + -100 - (-76 - (18 - -3))?
82
Evaluate 7 - (92 - (84 + 23)).
22
Calculate (-122 - (0 + (0 - -3))) + -1642 + 1638.
-129
-9 - ((-14 - -10) + (-6 - 20))
21
Evaluate 21 + -15 - 13 - 5 - (-81 + 4).
65
Evaluate 120 - (89 + -88 + 10).
109
What is -54 + 147 + (-8 - (-8 + (17 - 4) + 0))?
80
Evaluate -8 + (21 + -13 - 4) + 7.
3
-24 + -10 + (-24 + 14 - 21)
-65
Evaluate -1 - 73 - (-8 - (3 + -4) - (-79 + 58)).
-88
Evaluate -89 - 14 - -11 - -16.
-76
What is the value of 8 + (-36 - (-37 + 19) - 35)?
-45
50 + (-14 - (-75 + 53))
58
Calculate 36 + -20 + 13 + -81 - -4.
-48
Calculate (1 - (0 + -40)) + -3355 + 3388.
74
Calculate -50 + (-66 - -119) + 3.
6
Evaluate (-3 - 6 - -27 - (93 + -97)) + 15.
37
What is the value of 53 + (-36 - -47 - (0 + 21)) - 5?
38
What is the value of (16 - -1) + (13 - 12) + -141 + -16?
-139
Evaluate (-35 - (-10 + (4 - 7) + 27 - 5)) + -5.
-49
What is the value of -4 - 0 - (34 + (-3 - 14))?
-21
Calculate -62 - (9 + -1) - (-51 + 42 + 3).
-64
Calculate 90 + (40 - 204 - -50).
-24
What is the value of (-1 - (-5 + 9 + -60)) + (31 - 47)?
39
24 + (2 - -20 - (6 - -30))
10
Evaluate 8 + (5 - (-30 - (4 - 3))) + -6.
38
-73 - -10 - (9 + 2 + -1 - 29)
-44
Calculate -5 + 0 + (-20 - ((13 - 28) + 16)) + -65.
-91
Evaluate -15 + (15 - -17) - 1 - 17 - 20.
-21
Evaluate (30 - 79) + -1 + 30.
-20
Evaluate 2 + -28 + 5 - (-10 - 10).
-1
What is -4 - (18 + -10 + (1 - -1) - 0 - 5)?
-9
What is the value of 10 - (-25 - -4) - (-15 - -9)?
37
What is the value of 5 + 43 + (-41 - (-89 + 23))?
73
What is 4 + (-29 - (5 + (5 - -6)))?
-41
-12 - (8 - (23 - -29))
32
Evaluate (16 - (-46 + -83)) + -100.
45
-52 - (28 + -8 + (-48 - -11))
-35
What is the value of 734 - 721 - (44 + 0)?
-31
-55 - (-16 + 4 + 22 + -22 + -2)
-41
Evaluate (9 - 0 - (540 + -535) - 13) + 0 + -63.
-72
Evaluate -33 + (84 - 102) + -1 + 15 - 8.
-45
(4 + 0 - 1) + (1 - (-90 - -70))
24
What is the value of (-29 - 2 - -42 - 4) + -2?
5
What is -450 + 464 + (4 + -7 - -37)?
48
What is (-27 + (-4 - -21) - -28) + 2?
20
What is the value of -44 + (23 - 37) + 38?
-20
Evaluate 42 + -76 + 34 - -40.
40
What is the value of (-5 - 64 - -17 - -11) + 26 - (0 + -69)?
54
Calculate -1 - 7 - (-12 + (1 - 0) - (-422 + 425)).
6
What is the value of 9 - (-46 - -34) - 53?
-32
-27 + (-16 + 4 - -38)
-1
What is the value of -3 + 8 + -5 + -4 + 3 - (-42 + 2)?
39
(2705 - 2632) + (-202 - 3)
-132
Evaluate -3094 - -3101 - (-1 - (-1 - 14)).
-7
What is the value of 1 - (5 + 2) - ((-2 - (4 + 6)) + 16)?
-10
-109 + 2 + (63 - (19 - -32))
-95
What is the value of 106 + -87 - (-21 - -5)?
35
(-3 - 61 - -24 - 14) + (-1 - 3)
-58
What is (17 + -25 - (6 - 22)) + -72?
-64
Evaluate -1408 + 1538 + -11 + -219.
-100
7 - (8 - 11) - (-1025 - -1056)
-21
What is the value of 2171 + -2213 - (-49 + 5 - 2)?
4
What is (-9 - -2) + -18 + 46 + -65?
-44
What is the value of -60 + 11 - (-15 - 15)?
-19
11 + -14 - (1 - 2 - (-16 - 0) - 1)
-17
Evaluate (209 - -133) + -429 - (-31 + 1).
-57
What is the value of -34 + (29 - (-11 + 8))?
-2
-59 + (1 + -7 - 2 - -14) + 13
-40
What is the value of -33 - (129 - (108 - 44))?
-98
14 + 16 + 9 + 11 + -12
38
What is -51 + 118 - 29 - (-8 - -5 - (1 + -2))?
40
(-43 - -37 - 15) + 43 + 18
40
Calculate -2 - (-4 + -6) - (1 + 13 + -133 + 127).
0
-12 + 32 - 16 - ((-33 - -3) + 3)
31
(-17 + 3 - -10 - (0 - (5 + 0))) + 18
19
What is -22 + 60 + (2 - -3) + -2?
41
Evaluate (16 - 2) + 3 + -11.
6
0 + -1 + (274 + -291 + 20 + -1 - -8)
9
What is (38 - 49) + -60 + 13?
-58
(28 - (-8 + 21 + 0)) + (83 - (-1 + 3))
96
What is the value of 411 + -393 + (-2 - 46) + 1?
-29
Evaluate -32 + -33 - (1 - -4 - 7).
-63
What is the value of (50 - 43) + -39 + 83?
51
What is the value of -8 + (7 - 8) + 12 + (-1 - -4) + -13?
-7
Evaluate (52 - 57) + 11 - 49.
-43
-1 + 1 + -3 + (-1840 - -1850)
7
(-11 + 9 - -94) + (-182 - -158)
68
What is the value of 9 - (-8 + -1 + 45 + -43)?
16
Evaluate (-74 - (0 + -2)) + (88 + -33 - 53).
-70
What is (42 - (71 - 43)) + -43?
-29
Evaluate 38 + (-58 - (-26 + 45)).
-39
(644 - 710) + -6 + 4 + -4
-72
Evaluate -2 + -2 + 0 + -3 - (59 + (-5 - 36)).
-25
Calculate 19 + -4 + 1 - (4 + -12 + 39).
-15
Evaluate (-1 - -15) + -148 + 176 - 2.
40
-22 + (-98 - -61 - (-1 + -22))
-36
What is the value of (-8 - -2) + 16 - (-91 - (-19 + -9))?
73
What is the value of 56 + -1 + -3 + 1 + 0 + -4698 + 4697?
52
Evaluate 86 - 69 - (3 - -17) - -29.
26
What is the value of -17 + (4 - -8) + -4 + 6 + -8 + 52?
41
What is the value of -27 + 4 + -21 + (93 - 53)?
-4
Evaluate 138 + -91 + (-2 - 16).
29
6 + 12 - ((8 - -2) + 0) - (-121 - -31)
98
-44 - (-2 - -12 - -2) - -12
-44
Calculate 19 + 3 + (3 - 7) - 2.
16
-15 - (-64 + 138 - 20)
-69
What is the value of 121 + -87 + -6 - 55?
-27
-36 + 8 + 16 + 6 - -40
34
Evaluate (-34 - (-31 - 36) - 36) + -89.
-92
-124 - -83 - (-2 - 51)
12
Evaluate 139 - (-72 - -120) - (0 + -18 - 3).
112
What is the value of -11 - ((34 - 85) + 36)?
4
Evaluate 24 + (-12 + -26 - -12).
-2
-13 - ((7 + 1 - (-59 + 67 + -36)) + -10)
-39
What is -71 + (77 - (6 + 38))?
-38
What is -12 + -6 + 9 + (4 - 6) - (-4 - -94)?
-101
What is -39 - ((-16 - 15) + -3)?
-5
What is the value of 112 - (-135 + 214 + 35)?
-2
What is the value of -5 + -1 + (-19 - (9 - -1))?
-35
What is the value of (2 - 2) + -5 + (-66 + (39 - 26) - -67)?
9
Evaluate -3 + 97 + (-1788 - -1655).
-39
What is the value of 43 + -59 + -28 + 7?
-37
What is -19 - 1 - ((76 - 12) + -72)?
-12
Evaluate -5 + 1 + -1 + 2 - (-59 + 57).
-1
(-5 + 3 - -2 - (-192 + 197)) + -5
-10
Calculate -56 - (-151 - (-37 + -1)).
57
What is -85 - (24 + (47 - 91) + -2 + 1)?
-64
97 + (-8 - 83) + 54
60
Calculate 6 + -73 + (-37 - (-24 - 0)).
-80
What is the value of 30 - (-33 + (55 - -36))?
-28
What is (19 - 46) + (5 - (3 + -1)) + 4?
-20
Calculate 11 + (-1 - 30 - (-74 - -64)).
-10
Calculate (523 + -503 - (35 + -1 + -1)) + -1 + 52.
38
What is the value of 7 + 19 + -84 + 16 + -2?
-44
Calculate 59 - (131 + (-126 - -16)).
38
-46 + -4 + (-47 - -35)
-62
Calculate (3 - -68) + 23 + -18 + 23 + -30.
69
What is the value of 23 + (-29 + 22 + -8 - -28)?
36
What is -24 + -13 - -53 - 43?
-27
Calculate 8 + 1 + -80 + (23 - -65).
17
What is (9 - 1 - -4 - 22 - 3 - 55) + -3?
-71
Evaluate 3 + -14 + -4 + (-11 + 98 - 126).
-54
What is the value of -545 + 51